b9?
-102480c5
In base 14, what is -4 - -15a8c?
15a88
In base 9, what is -38 + 2486507?
2486458
In base 10, what is 642553760 + 1?
642553761
In base 11, what is -24a7334 - 6?
-24a733a
In base 7, what is -322325 - 666?
-323324
In base 4, what is 13013 + -12300203?
-12221130
In base 8, what is -22153 + -4146?
-26321
In base 7, what is -3060 - 4140154?
-4143244
In base 6, what is 1 + -1513301015?
-1513301014
In base 12, what is -973 - -3765?
29b2
In base 14, what is -a2 + -14345d?
-143521
In base 3, what is 210000220 - 210?
210000010
In base 2, what is 11001100101000100101111010 - -1?
11001100101000100101111011
In base 11, what is -4 - 2266528?
-2266531
In base 8, what is 60 + 116441154?
116441234
In base 2, what is 1 + -1101110100001101110?
-1101110100001101101
In base 2, what is -11111110011111111111110 - 11011?
-11111110100000000011001
In base 11, what is 1a70 - 668?
1403
In base 8, what is -30505 + 12617?
-15666
In base 6, what is -2 + -5442522?
-5442524
In base 4, what is 1011332112 - -102?
1011332220
In base 2, what is -110110111001001110101 + -101101?
-110110111001010100010
In base 12, what is -502 + 36?
-488
In base 7, what is -11523 - 131654?
-143510
In base 7, what is -135324 + -250?
-135604
In base 12, what is -1 + -260059?
-26005a
In base 8, what is -22 - 135406446?
-135406470
In base 6, what is 34143453451 - 4?
34143453443
In base 4, what is 20 + 2310112331?
2310113011
In base 14, what is -1562 - -9c1?
-981
In base 6, what is -225330 - -25320?
-200010
In base 11, what is 2529893 - 3?
2529890
In base 12, what is 6 + 269b0985?
269b098b
In base 8, what is 3363744 - 3006?
3360736
In base 13, what is -2 - -48194b05?
48194b03
In base 15, what is a14b03 - -6?
a14b09
In base 2, what is 101111011010110010 + 1011010110?
101111100110001000
In base 7, what is 44 + 143205?
143252
In base 15, what is 0 + 2ce064b?
2ce064b
In base 5, what is -1123302032 - -2?
-1123302030
In base 10, what is 157 + 25337?
25494
In base 5, what is 311200 - 1032121?
-220421
In base 7, what is 3224152410 + 5?
3224152415
In base 9, what is 13 - 80234176?
-80234163
In base 9, what is 15 + 273470333?
273470348
In base 11, what is -4288038 + 25?
-4288013
In base 4, what is 1103212 + -12300?
1030312
In base 9, what is 207110 - 1026?
206073
In base 9, what is -5505 + -401033?
-406538
In base 14, what is 816927 + 93?
8169ba
In base 6, what is 5 + 134332503?
134332512
In base 2, what is 101010 - 1100110010011111000?
-1100110010011001110
In base 8, what is 160705 + -7300?
151405
In base 15, what is -13a3 + 7c7?
-acb
In base 5, what is -2 - -1031130333?
1031130331
In base 15, what is -2e71c64 - -1?
-2e71c63
In base 6, what is 3005013202 + 34?
3005013240
In base 9, what is -257760740 - -4?
-257760735
In base 16, what is -b + -26a0ec?
-26a0f7
In base 12, what is -40 + 83444?
83404
In base 2, what is -10111011100 - 100011000010?
-111010011110
In base 5, what is 40103402133 + 10?
40103402143
In base 7, what is -323 + -133112?
-133435
In base 13, what is -17b7c14 + -54?
-17b7c68
In base 11, what is 25487189 + -5?
25487184
In base 9, what is -6266176 - 47?
-6266234
In base 4, what is -202200 - -220213?
12013
In base 14, what is -4a56 + 33?
-4a23
In base 4, what is -30310112112 - 0?
-30310112112
In base 4, what is -2 + -103331111020?
-103331111022
In base 14, what is 242 + 218a7?
21b09
In base 4, what is -31203 - -111202031?
111110222
In base 12, what is -2 + -119460?
-119462
In base 8, what is 13052131 + -7?
13052122
In base 13, what is 3 + -454ca96?
-454ca93
In base 6, what is 131 + 11414053?
11414224
In base 10, what is 385 + -24354?
-23969
In base 3, what is 10011 - 20021120201?
-20021110120
In base 2, what is 10100001 - 1011100110010110110?
-1011100110000010101
In base 16, what is 42a0c - 22?
429ea
In base 3, what is 200 + 2201012122201?
2201012200101
In base 14, what is d4906 + 4?
d490a
In base 3, what is -222121 - -2012020?
1012122
In base 6, what is 121115 + -2252?
114423
In base 3, what is 110011112022 - 1021?
110011111001
In base 12, what is -78ab3085 + -5?
-78ab308a
In base 16, what is -39452 - 2dd?
-3972f
In base 9, what is -181 - -102260?
102068
In base 16, what is b1 + 177cf2?
177da3
In base 12, what is -703 - -249?
-476
In base 7, what is -21052615 + 1?
-21052614
In base 12, what is -10 + 414138?
414128
In base 8, what is 76 - -6330?
6426
In base 11, what is 504 - 14a47?
-14543
In base 6, what is -123451425 - 0?
-123451425
In base 8, what is -26731 + 1426?
-25303
In base 7, what is 3 - 364225026?
-364225023
In base 5, what is -13440 + -3214?
-22204
In base 16, what is -22b11 - 8?
-22b19
In base 13, what is -15c129 + -5b4?
-15c710
In base 12, what is -6768 + 5ba?
-616a
In base 7, what is -3042465 + 150?
-3042315
In base 12, what is -354a44a9 - 4?
-354a44b1
In base 9, what is -583130 - 74?
-583214
In base 16, what is -148ff490 - 3?
-148ff493
In base 7, what is 13224543 - 5?
13224535
In base 6, what is 12 - 3324025342?
-3324025330
In base 7, what is -102031 + -5250?
-110311
In base 16, what is -14c580 - -5?
-14c57b
In base 12, what is 4832 - -1b5?
4a27
In base 14, what is -13 + 294775?
294762
In base 4, what is 221 - -3002112101?
3002112322
In base 10, what is 12 + -9285829?
-9285817
In base 2, what is 10010111001100100 + 10011001101100?
10101010011010000
In base 14, what is -a90322a + 5?
-a903225
In base 6, what is 3323432335 - 4?
3323432331
In base 5, what is 432402032023 - -4?
432402032032
In base 13, what is 0 - 881b27?
-881b27
In base 2, what is 110001 + 100000111011010011011?
100000111011011001100
In base 5, what is -10412 + 103420?
43003
In base 9, what is 0 - -14265767?
14265767
In base 5, what is -1 - 214313041033?
-214313041034
In base 2, what is -1001011100111101001111010 - -100?
-1001011100111101001110110
In base 4, what is -123302100 - 223211?
-130131311
In base 5, what is 1012 - 41203?
-40141
In base 8, what is 135322 + -344?
134756
In base 3, what is -1001212 + -110110100?
-111112012
In base 3, what is -12012200 - 120001212201?
-120021002101
In base 11, what is -47334 - 5?
-47339
In base 15, what is -1747b + 2c?
-1744e
In base 4, what is -233220032 + -201301?
-300021333
In base 15, what is -526c3a + 2?
-526c38
In base 4, what is 201303033 + -1333?
201301100
In base 6, what is 11452 - 542205?
-530313
In base 12, what is 3 - -17a5a87?
17a5a8a
In base 2, what is 11010011110001111 - 101000?
11010011101100111
In base 8, what is -55717 - -712?
-55005
In base 3, what is 1 + -102201200221022122?
-102201200221022121
In base 10, what is -4 - 109954865?
-109954869
In base 7, what is -14456 + 54104?
36315
In base 5, what is 3 + -2221031220?
-2221031212
In base 9, what is -30614 + -355?
-31070
In base 12, what is 408927 + 1b6?
408b21
In base 6, what is 334 - -312345?
313123
In base 7, what is 630534 - -23305?
654142
In base 4, what is -131211 - 12022101?
-12213312
In base 12, what is -3 - -65004630?
65004629
In base 10, what is 421 - -11526?
11947
In base 16, what is 6c - 672ad?
-67241
In base 11, what is 1a + -14122?
-14103
In base 13, what is 29 + 3728119?
3728145
In base 10, what is 2856752 + 27?
2856779
In base 12, what is 31 + 8a7340?
8a7371
In base 9, what is -60 + 11143004?
11142834
In base 7, what is 126623620 - -5?
126623625
In base 3, what is 2101101012 + 102122?
2101210211
In base 10, what is -141538 + -14?
-141552
In base 11, what is 7 + 86401a7?
8640203
In base 4, what is -3301 - -10031230?
10021323
In base 2, what is 110001100000001010 - -100101?
110001100000101111
In base 15, what is -199 + 5b3e?
5995
In base 3, what is 21000211220 - 2022?
21000202121
In base 14, what is -2dd9d0 + 0?
-2dd9d0
In base 4, what is 3013220311123133 + -3?
3013220311123130
In base 2, what is 111100011001000000 - -100011000?
111100011101011000
In base 12, what is -18326270 + -8?
-18326278
In base 8, what is 67 + -47056777?
-47056710
In base 5, what is 1044423 - 243004?
301414
In base 14, what is c1 + 3292a0?
329381
In base 13, what is 4a5 + -112a?
-955
In base 11, what is 6 - -7839597?
78395a2
In base 16, what is -1340 + -1818?
-2b58
In base 10, what is 3426231 - -2?
3426233
In base 15, what is -5c44063 - 1?
-5c44064
In base 9, what is -225656620 + 0?
-225656620
In base 3, what is -1 + -121112222202022?
-121112222202100
In base 6, what is -222 - 525054041?
-525054303
In base 16, 